21011
a3898 (base 11) to base 15
2ed38
-10110101000002 (base 3) to base 10
-1837811
What is -403111 (base 7) in base 9?
-113634
eb9e (base 16) to base 4
32232132
What is -5a114 (base 15) in base 3?
-112120212001
21333244 (base 6) to base 5
130300432
What is 111211613 (base 8) in base 12?
6523237
What is -13432014 (base 6) in base 13?
-12c340
What is -31acb9 (base 14) in base 8?
-6324663
-19499 (base 15) to base 11
-56706
Convert -8578562 (base 9) to base 3.
-22122122122002
-7496 (base 15) to base 5
-1242131
What is -62503c (base 14) in base 4?
-30221330232
-3cb553 (base 15) to base 12
-b90129
-3222523 (base 6) to base 2
-100110110000010011
What is 24102623 (base 9) in base 4?
230311110030
What is 91c742 (base 14) in base 13?
1030419
Convert -53106663 (base 7) to base 4.
-101020022022
-10100100111000110 (base 2) to base 14
-22aa2
Convert 32076e (base 16) to base 7.
36603620
What is -573064 (base 8) in base 13?
-6a46a
-59593 (base 16) to base 8
-1312623
Convert 4534a (base 15) to base 12.
a7474
What is -12123100 (base 4) in base 2?
-110011011010000
Convert -130402400 (base 6) to base 14.
-4a59ba
Convert -212030231 (base 4) to base 8.
-461455
What is -15d4dc (base 14) in base 7?
-6341565
Convert -3237155 (base 8) to base 3.
-1122002121021
Convert -1523501 (base 8) to base 10.
-436033
What is 606b8 (base 14) in base 16?
3899a
-110100110010001011 (base 2) to base 6
-4344535
What is 8788a (base 12) in base 10?
179242
43142220 (base 5) to base 7
3051021
Convert -317989 (base 11) to base 2.
-1111100000110001001
-291659 (base 11) to base 9
-764447
11010001111000001 (base 2) to base 14
2b237
What is 22f874 (base 16) in base 3?
11022102210112
4715 (base 14) to base 6
133131
Convert 43abe (base 16) to base 4.
1003222332
What is -2c1a9c (base 15) in base 14?
-3d6d94
-3939b45 (base 12) to base 13
-244aab0
Convert -1b517 (base 16) to base 15.
-2324a
1c408a (base 14) to base 7
11404233
Convert 3a0944 (base 14) to base 9.
3676657
What is -32502501 (base 6) in base 5?
-222110423
38171 (base 14) to base 11
94336
-4108 (base 14) to base 9
-16302
Convert 15109 (base 10) to base 16.
3b05
Convert 626066 (base 7) to base 14.
2b3a6
Convert 85f7ff (base 16) to base 15.
b86635
Convert 15291 (base 16) to base 2.
10101001010010001
-2042212 (base 5) to base 15
-a157
657587 (base 15) to base 8
22341714
-1d67 (base 15) to base 11
-4896
What is 752646 (base 8) in base 2?
111101010110100110
Convert -4aa32 (base 15) to base 11.
-153251
Convert -27ad2c (base 15) to base 7.
-22143024
-15a61 (base 11) to base 7
-122545
What is 5822c (base 15) in base 10?
280617
Convert 1652170 (base 9) to base 15.
13297c
Convert 421104140 (base 5) to base 2.
110101000010100111101
-681854 (base 9) to base 4
-1203222100
Convert -4466156 (base 7) to base 16.
-8758a
What is 15213552 (base 6) in base 15?
a749e
Convert 2670068 (base 10) to base 15.
37b1e8
What is 110100000001111101 (base 2) in base 4?
310001331
Convert 201310302310 (base 4) to base 15.
ba23d1
-12592 (base 16) to base 8
-222622
11102231 (base 4) to base 11
15317
What is 22102212220 (base 3) in base 7?
1261224
Convert 2399c (base 13) to base 9.
108585
What is 4c54a (base 13) in base 6?
3011055
Convert -1026a48 (base 12) to base 4.
-23212001120
-11100001110110001011 (base 2) to base 9
-1658852
17063144 (base 9) to base 16
8261da
Convert 1b47b (base 15) to base 16.
15abe
Convert -14a9b (base 16) to base 6.
-1451455
What is 155775 (base 11) in base 12?
b7b54
What is -1333618 (base 9) in base 15?
-e68ab
What is -11b82 (base 15) in base 12?
-28905
What is -21043140 (base 5) in base 10?
-174795
Convert -61127476 (base 8) to base 4.
-301022330332
-232100021 (base 4) to base 6
-4021025
What is -101101000011100000 (base 2) in base 11?
-116718
Convert -180b2 (base 12) to base 5.
-2102234
-50642305 (base 7) to base 12
-14bb407
What is -161497 (base 14) in base 3?
-1110012221220
What is 45344 (base 9) in base 11?
2073a
What is -494229 (base 10) in base 16?
-78a95
13170426 (base 9) to base 3
110012100110220
Convert 3513058 (base 9) to base 15.
27772e
Convert -131320013220 (base 4) to base 6.
-435511240
What is -13032144 (base 7) in base 5?
-300400320
143101040 (base 7) to base 9
18661255
-309a29 (base 11) to base 3
-221012220012
-4982 (base 11) to base 14
-2527
-1585e (base 16) to base 2
-10101100001011110
3134315 (base 6) to base 12
7439b
Convert -12023223 (base 4) to base 10.
-25323
-13729 (base 11) to base 14
-717a
Convert 1c75789 (base 14) to base 8.
66332235
Convert 100111110111111110110 (base 2) to base 16.
13eff6
-10146333 (base 10) to base 2
-100110101101001000011101
16313042 (base 7) to base 14
2d3022
What is 20c9 (base 14) in base 7?
22342
261c8 (base 15) to base 9
205208
Convert -42711 (base 13) to base 4.
-131100123
-2451055 (base 6) to base 15
-28cd2
What is -1111222011220 (base 3) in base 11?
-500957
-1d1ba8 (base 14) to base 16
-fe768
What is 120022310230 (base 4) in base 12?
2156664
What is 55a476 (base 12) in base 6?
45135030
10111000001100110001 (base 2) to base 3
1102022221202
What is 59900 (base 12) in base 8?
353320
What is 110211102 (base 3) in base 15?
2b88
Convert 51997 (base 14) to base 7.
1446350
Convert -25035051 (base 8) to base 7.
-64630020
-2b75634 (base 12) to base 11
-5004575
-5235301 (base 6) to base 3
-110220022001
Convert 14030014 (base 6) to base 3.
212220100101
Convert 94e0e8 (base 16) to base 11.
5564563
-1442323422 (base 5) to base 13
-a5693a
Convert ba7591 (base 14) to base 7.
104503141
What is 22200102221000 (base 3) in base 5?
2140131031
b68766 (base 14) to base 5
3034414344
What is 3322026 (base 7) in base 4?
1203310230
What is 100100101100110011 (base 2) in base 12?
72bab
What is -100014422 (base 5) in base 2?
-1011111101010110110
What is 55402 (base 7) in base 11?
a503
Convert -152883 (base 12) to base 2.
-1010111001101100011
4a66939 (base 12) to base 9
30364050
102101020200121 (base 3) to base 11
346068a
-2b81c (base 14) to base 12
-52a2a
What is 64132 (base 11) in base 2?
10110110010001110
What is -257511 (base 8) in base 5?
-10334204
-1551138 (base 9) to base 2
-11010010000010110000
466bc (base 14) to base 3
22201012202
10222231112 (base 4) to base 5
303123020
Convert 1683422 (base 11) to base 8.
12720750
Convert 253dc2 (base 16) to base 12.
9984aa
69c8a (base 15) to base 14
8ab23
Convert 140153403 (base 7) to base 5.
4311322023
Convert -2b93b8 (base 15) to base 8.
-10022740
What is 23523325 (base 8) in base 4?
103222123111
Convert -313944 (base 13) to base 12.
-475a40
What is -5c09a1 (base 13) in base 4?
-20121110101
-394425 (base 12) to base 11
-592795
What is 19d001 (base 15) in base 4?
10303111330
What is 3948b6 (base 12) in base 5?
220110242
Convert -2150761 (base 10) to base 5.
-1022311021
45354 (base 13) to base 11
86579
What is 110111110110000110 (base 2) in base 8?
676606
Convert 53c691 (base 14) to base 4.
22311001013
What is 490c (base 13) in base 10?
10321
-38820 (base 10) to base 13
-14892
What is 16833 (base 15) in base 9?
120673
Convert 430023123 (base 5) to base 16.
1b718a
Convert 120102210010212 (base 3) to base 14.
11378b3
10168867 (base 9) to base 3
100012022222021
Convert -7b67a (base 14) to base 16.
-4955c
-1997949 (base 12) to base 10
-5425545
-2120130322 (base 4) to base 2
-10011000011100111010
What is -ab25 (base 14) in base 10?
-29629
Convert -1112100212 (base 4) to base 16.
-56426
What is -152525201 (base 6) in base 15?
-4379dd
2313401 (base 6) to base 16
1cfc9
Convert -4651833 (base 9) to base 3.
-11201201221010
-523451 (base 6) to base 4
-22110313
What is 111829 (base 11) in base 7?
1341005
What is -12122321 (base 5) in base 15?
-23c0b
Convert -22224114 (base 5) to base 16.
-2fbce
What is 1967802 (base 11) in base 4?
30222111301
Convert 3965b (base 14) to base 3.
21011200200
What is 11355142 (base 6) in base 3?
200011110022
Convert 110101101100000110110001 (base 2) to base 3.
222111001021222
What is 81674 (base 13) in base 6?
4545042
What is b7857c (base 13) in base 9?
8077138
What is 588288 (base 12) in base 14?
291092
Convert -76b86 (base 12) to base 9.
-258573
What is -c8b3b (base 14) in base 12?
-1b4915
Convert 35431 (base 8) to base 4.
3230121
331e7d (base 15) to base 5
1110433033
-12101212020010 (base 3) to base 9
-5355203
Convert 221264 (base 12) to base 2.
1000010